1b2d2
In base 16, what is 5 - -2a2fad?
2a2fb2
In base 13, what is 0 + 722975?
722975
In base 2, what is -100001111011001001000 - 1100110?
-100001111011010101110
In base 6, what is -2315340305 - -4?
-2315340301
In base 4, what is -231030231 + -11212?
-231102103
In base 4, what is -11 - -11323202112?
11323202101
In base 10, what is -3046 - -41?
-3005
In base 13, what is 22 - -6c577?
6c599
In base 7, what is -24430525 + 11?
-24430514
In base 4, what is -11210 - 2210123?
-2221333
In base 4, what is -12310230313 + 13?
-12310230300
In base 16, what is 2cefd0 - -6?
2cefd6
In base 13, what is 6c4c7 - -3b?
6c535
In base 7, what is -131 - -1634145?
1634014
In base 13, what is 24 + 1918b?
191b2
In base 6, what is -43351 + 15240?
-24111
In base 14, what is -1b1639 + 1d?
-1b161a
In base 11, what is -17717 + -1a75?
-19691
In base 9, what is -1712 - 31820?
-33632
In base 3, what is -12 + -1111202200120020?
-1111202200120102
In base 11, what is -39059101 + 4?
-390590a8
In base 3, what is -1222100 + 211?
-1221112
In base 5, what is -343 - -2132143?
2131300
In base 2, what is 10011110110101110010 + -10101011110?
10011110100000010100
In base 15, what is 54b6 + -620?
4d96
In base 3, what is -1200212 + 1012001210?
1010100221
In base 13, what is -ca - -40266?
40169
In base 13, what is -8c1112c0 - 2?
-8c1112c2
In base 6, what is 11300 + -141013?
-125313
In base 10, what is -5 + 70984?
70979
In base 3, what is -2001200120 + 12000?
-2001111120
In base 16, what is -5 - -783060?
78305b
In base 9, what is 20 - 38423022?
-38423002
In base 8, what is -316643 + 621?
-316022
In base 16, what is c37fa - fe?
c36fc
In base 14, what is -7b92bc - -7?
-7b92b5
In base 6, what is 401 + 4201153?
4201554
In base 5, what is 10 - 122110400?
-122110340
In base 14, what is 5388d02 - 0?
5388d02
In base 16, what is 726 - 394?
392
In base 8, what is -352431420 + -3?
-352431423
In base 10, what is -166 - -1518666?
1518500
In base 12, what is 141bb701 - 0?
141bb701
In base 12, what is 7696 - -21270?
28946
In base 13, what is 1375 - -2189?
3531
In base 11, what is 88 + -62a5624?
-62a5547
In base 9, what is -2378 + -145847?
-148336
In base 5, what is -103211313224 + 4?
-103211313220
In base 10, what is 1 - -106981546?
106981547
In base 4, what is 21322232 - -312332?
22301230
In base 5, what is -30333112 - 20240?
-30403402
In base 10, what is -72181492 + 5?
-72181487
In base 9, what is -30 - 3382745?
-3382775
In base 6, what is -1 + -55530544?
-55530545
In base 12, what is -4b52b - -234?
-4b2b7
In base 4, what is -31112 + -3033113?
-3130231
In base 12, what is b779 - b829?
-70
In base 9, what is -886710 + 40?
-886660
In base 15, what is 1 + c72728?
c72729
In base 15, what is -57 - 4b9898?
-4b9900
In base 14, what is 7 + 659885?
65988c
In base 16, what is -5bfa0 - 3?
-5bfa3
In base 14, what is -97243 - 1030?
-98273
In base 11, what is 44 - -306445?
306489
In base 10, what is 4 + -613200?
-613196
In base 8, what is -41172601 - 16?
-41172617
In base 12, what is 8102b1 - 5?
8102a8
In base 10, what is -184092875 + 1?
-184092874
In base 3, what is -22100 - 20122012020?
-20122111120
In base 11, what is 111a033 + -8?
111a026
In base 5, what is -12131222 - 1443?
-12133220
In base 6, what is 52113144 + -254?
52112450
In base 8, what is -201 - 140720?
-141121
In base 4, what is 30 - -1021221012?
1021221102
In base 3, what is -11 - 1010001110100?
-1010001110111
In base 15, what is 5 - -15b76be?
15b76c4
In base 13, what is 172 + -339aa5?
-339933
In base 3, what is -11 - -1021102221202021?
1021102221202010
In base 16, what is -5 - 6102a0?
-6102a5
In base 14, what is 44 - 4a3a34?
-4a39d0
In base 12, what is 295413a + -11a?
2954020
In base 4, what is 10213 - 11322013?
-11311200
In base 12, what is 10 - 2b6181?
-2b6171
In base 6, what is 5250224 + 405?
5251033
In base 5, what is 2 - 4443410230?
-4443410223
In base 5, what is 341423233 - 1?
341423232
In base 15, what is 13c - 3086?
-2e49
In base 5, what is -141 + 44024341?
44024200
In base 6, what is -415104315 - 350?
-415105105
In base 2, what is 100101100001100101000101100 - -100?
100101100001100101000110000
In base 4, what is 1002212120 + 2103?
1002220223
In base 14, what is 594c - -442c?
9d7a
In base 11, what is -43a732 - 5?
-43a737
In base 11, what is -1 + -872a7?
-872a8
In base 7, what is -3246 + 66451?
63202
In base 3, what is -112 + 1221220101121?
1221220101002
In base 4, what is -11 - -32003330020?
32003330003
In base 14, what is -6 - 5873b?
-58743
In base 8, what is 456561 + -2336?
454223
In base 8, what is -13612757 + 11?
-13612746
In base 10, what is 7 - -22250756?
22250763
In base 9, what is 2036678 - -87?
2036776
In base 10, what is -4 - 121899797?
-121899801
In base 6, what is -2511324 - -52545?
-2414335
In base 10, what is 21 + 2147270?
2147291
In base 2, what is 110000011110 + 101101100100101?
110011101000011
In base 5, what is -324342322 + -21?
-324342343
In base 6, what is 3522 - 31524132?
-31520210
In base 4, what is 3012 + 3302323333?
3302333011
In base 5, what is 301300140 + -3?
301300132
In base 3, what is 2112 + -22021212220?
-22021210101
In base 11, what is 765 + 5a58?
6712
In base 13, what is 76a5 - -c8?
77a0
In base 9, what is 883 + 264?
1257
In base 3, what is -12201122110001200 + 10?
-12201122110001120
In base 4, what is -13301121300 - 1033?
-13301122333
In base 7, what is -22563323 - -133?
-22563160
In base 6, what is -5 + -151211010?
-151211015
In base 10, what is 156111 + -52?
156059
In base 16, what is 1aac - 1ed7?
-42b
In base 5, what is 3304410303 + 104?
3304410412
In base 12, what is 97386 - -18?
973a2
In base 9, what is -34280 + -2377?
-36667
In base 4, what is 2032123 + -31201032?
-23102303
In base 6, what is -1200 - 15213?
-20413
In base 10, what is 0 + -102458811?
-102458811
In base 2, what is -1010101001011100110001111 + 100?
-1010101001011100110001011
In base 8, what is -7501 - 2124?
-11625
In base 4, what is -10 + 112303230333?
112303230323
In base 11, what is 832832 - 4?
832829
In base 2, what is -100000101000011001101011 - 0?
-100000101000011001101011
In base 12, what is -2 - -98237b30?
98237b2a
In base 13, what is -1a1302a - 3?
-1a13030
In base 15, what is 5b975 + -112?
5b863
In base 2, what is -100111011100 - -110100001100101?
101111010001001
In base 6, what is -15 - 10521452?
-10521511
In base 11, what is -a8200 + -1608?
-a9808
In base 4, what is 31 + 210312023122?
210312023213
In base 15, what is -cd552 - -50?
-cd502
In base 7, what is -131 + -215551?
-216012
In base 7, what is -232 - -321013?
320451
In base 16, what is -bddbff0 - 0?
-bddbff0
In base 9, what is 3760 - 34172?
-30312
In base 13, what is -43 - -1070078?
1070035
In base 5, what is -102423103 - -313?
-102422240
In base 2, what is -100 - 1110000110101110001111?
-1110000110101110010011
In base 8, what is 2576 + -157775?
-155177
In base 11, what is 183 + -32604?
-32431
In base 15, what is -105699 - -27e?
-10541a
In base 3, what is -100011 - 10001000?
-10101011
In base 7, what is -234520 + -3610?
-241430
In base 11, what is -3028a984 - -4?
-3028a980
In base 3, what is 10 + -2020221110020?
-2020221110010
In base 7, what is 0 + -60212256?
-60212256
In base 10, what is 64 + 145751?
145815
In base 4, what is -120130120010 - 211?
-120130120221
In base 16, what is 4 + -4a9006a?
-4a90066
In base 15, what is 302c + -655?
28c7
In base 16, what is -10a + -17df8?
-17f02
In base 16, what is -919cd + cc?
-91901
In base 10, what is -1 + 10624279?
10624278
In base 15, what is -13b50 + -913?
-14563
In base 2, what is -111011110011111 + 110010000001?
-110101100011110
In base 12, what is -3 - -6ba026b?
6ba0268
In base 3, what is 201102 + 121000202122?
121001111001
In base 10, what is 25636 + 2183?
27819
In base 8, what is -37 + 7243676?
7243637
In base 15, what is -16130 - b6?
-161e6
In base 13, what is 3 - 3c3420?
-3c341a
In base 16, what is -34e0 + 975?
-2b6b
In base 6, what is 1043 - 22200?
-21113
In base 15, what is -37 + 6409a7?
640970
In base 3, what is 21 + 10211100100101201?
10211100100101222
In base 9, what is 0 + 116381?
116381
In base 8, what is 254 + 11631642?
11632116
In base 6, what is 5443515231 - -5?
5443515240
In base 16, what is -1d34 - -94?
-1ca0
In base 11, what is -1226 - -130aa1?
12a876
In base 15, what is 31 - -63201?
63232
In base 6, what is 2235 